*2 + 14*n + 20. Let h be d(15). Let j(v) = 48*v + 21. Let f(a) = -20*a - 10. Let z(u) = 7*f(u) + 3*j(u). Determine z(h).
13
Let x(p) = 11*p**2 - 28*p + 14. Let k(j) = 14*j**2 - 34*j + 17. Let u(s) = -4*k(s) + 5*x(s). What is u(3)?
-19
Let t(h) = -h + 2. Let x(o) = -11*o**2 + 14. Let q(r) = -9*r**2 + 13. Let s(c) = 6*q(c) - 5*x(c). Let f(b) = s(b) - 6*t(b). Give f(-4).
-12
Suppose 52 = 3*g + 4*o, -4*g + 17 = 2*o - 49. Let f(h) = 2*h - 43. Calculate f(g).
-11
Let g = 12 - -2. Let x be 8/(-36) + g/(-18). Let v(r) = -15*r - 12*r + 5 - 8*r - 4 + 39*r. What is v(x)?
-3
Let d(x) = 12*x**3 + 2*x**2 - x. Let c = -377 - -391. Let p(u) = -u**2 + 13*u + 15. Let v be p(c). Give d(v).
13
Let h(s) = -25*s + 79. Let r be (-18 - 4) + 14 - -14. Calculate h(r).
-71
Let b(x) = x - 37. Suppose -29*q = 4*s - 43*q - 102, 5*s = -q + 146. What is b(s)?
-8
Let r(n) = 19*n**3 - 1. Suppose -3110 = -m - 4*m. Let w = -623 + m. Give r(w).
-20
Let l(n) be the third derivative of -n**4/24 + 7*n**3/6 + n**2. Let o(b) = 2*b**3 + 3*b**2 + 6*b + 5. Let a be o(-3). Let h be 1/((-6)/a) + (-24)/36. Give l(h).
1
Let v(y) = -y**3 + 2*y**2 + 3*y + 5. Let u = 5 + -5. Suppose 2*r - 3*r = 4*x - 28, u = 3*x - 4*r - 21. Suppose -6*l + x = -17. Determine v(l).
-15
Suppose 51 = -14*h + 65. Let c(g) = g**3 - 2*g**2 + g. Let p be c(h). Let q(y) be the second derivative of y**3/6 - 2*y**2 + 2*y. Determine q(p).
-4
Let j(w) be the second derivative of -11*w**3/6 - 11*w**2/2 + 183*w. Give j(-3).
22
Let o(u) = 4*u + 14. Let f(c) = -c**2 + 14*c - 46. Let i be f(4). What is o(i)?
-10
Let g(m) = -m**3 + 141*m + 400. Let c be g(-3). Let b(l) = -3*l**2 + 7*l + 11. Calculate b(c).
-9
Let h(z) = -z**2 + 6. Let r = 11542 + -11537. Calculate h(r).
-19
Suppose -3*b + q - 6*q = -193, 4*q + 4 = 0. Suppose 32*a + 2 = b. Let m(x) = -x**2 + 2*x + 1. Determine m(a).
1
Let u(c) be the second derivative of c**3/3 - 51*c**2/2 - 35*c - 1. Let h be u(28). Let k(j) = j**2 - 4*j + 3. What is k(h)?
8
Suppose 4*z + p - 13 = 0, 0 = 5*z - z - p - 11. Let t(x) be the third derivative of -x**6/120 + x**3/6 - 35*x**2 - 2*x. Give t(z).
-26
Suppose -13*l + 266 + 59 = 0. Let f(w) = 11*w + 15*w - 1 - l*w. Let o(s) = s**2 + 4*s - 7. Let y be o(-6). Give f(y).
4
Let c(b) = 3*b**2 + 21*b - 5. Let d(r) = -r**2 - 7*r + 2. Let s(w) = -6*c(w) - 17*d(w). Suppose 921 = -18*z - 23*z + 675. Calculate s(z).
2
Let i(r) = -3*r**2 + 16 + 71 + 4*r**2 + 14*r**2 + 2*r**2 - 21*r - r**3. Calculate i(16).
7
Let m(z) = 2*z + 1. Suppose -14*o = 6*o - 120. Let g be o/10 + -4 + 14/35. Calculate m(g).
-5
Let m(p) = -2*p**2 + p**3 + 805*p - 4*p**2 - 2416*p + 4*p**2 + 803*p + 811*p. Let z(g) = -g**2 + g + 2. Let i be z(0). Give m(i).
6
Let u(s) be the third derivative of s**6/120 + 7*s**5/60 - s**2. Let j(f) = -1078*f - 119665. Let p be j(-111). Determine u(p).
0
Let z(c) be the third derivative of -c**2 + 0 + 1/12*c**5 + 0*c**4 + 1/3*c**3 - 75*c. What is z(-2)?
22
Let l(i) = 26*i**2 - 51*i - 2. Let p(h) = 8*h**2 - 16*h - 1. Let c(n) = 2*l(n) - 7*p(n). Calculate c(3).
-3
Let j(t) be the second derivative of 2*t**3/3 - 2*t**2 - 2*t. Let q = 113 - 384. Let c = -268 - q. Determine j(c).
8
Let h(p) be the second derivative of -29*p**5/20 + p**4/12 + p**3/6 - p**2/2 + 399*p - 1. Give h(1).
-28
Let p(t) = 12 - 4*t + 3*t + 2*t. Let r(z) = 105*z - 264. Let o be r(8). Suppose 33 = -87*y - o. Calculate p(y).
5
Let k(r) = 2*r + 9. Let v = 13526 - 13535. Give k(v).
-9
Let k be (-3)/4 - 2175/(-20). Let j = -63 + k. Suppose -10 = -40*s + j*s. Let l(p) = -2*p**2 - 2*p. Determine l(s).
-4
Let g(b) = 5*b**2 + 7*b + 4. Suppose 6*i - 20 = 46. Let c(q) = 9 - 7 - 17*q + i + 38*q + 14*q**2. Let n(s) = -4*c(s) + 11*g(s). Give n(-6).
-2
Let n be 118/(-177)*(-75)/10. Let a(h) = h**2 - 5*h - 1. What is a(n)?
-1
Let i(z) = -z**3 - 2*z**2 - 7*z. Let a(v) = 4*v**3 + 7*v**2 + 33*v - 1. Let w(p) = a(p) + 5*i(p). Determine w(-3).
5
Let v(a) be the third derivative of -a**5/60 - 17*a**4/24 - 40*a**3/3 + 438*a**2 - 2*a - 1. Give v(-9).
-8
Let g(t) = 2*t + 31. Let n(s) = 23*s + 101. Let w(r) = -4*g(r) + n(r). Give w(1).
-8
Let s be 38/5 - (-24)/60. Let a(o) = 3*o**2 - o + 9. Let k(t) = 5*t**2 - 2*t + 14. Let w(v) = s*a(v) - 5*k(v). Suppose 10*u + 1 + 19 = 0. What is w(u)?
-6
Let x(r) be the third derivative of -r**4/24 + 7*r**3/3 - 2*r**2 + 156*r. Determine x(4).
10
Let y be -3 + 9 + 0 + (-3 - -3). Suppose 0 = 2*n - y + 22. Let j(f) = -f**2 - 7*f + 11. Let m be j(n). Let w(t) = -t**3 + t**2 + 3*t - 3. Determine w(m).
-12
Let m(z) = -z**3 + 4*z**2 + 5*z + 4. Let w be m(5). Let r(n) be the first derivative of -n**3/3 + 5*n**2/2 - 5*n + 1. Calculate r(w).
-1
Suppose -2*t + 10 = -4*h, -5*h - 2*t = t + 7. Let s(q) = -73*q**2 + 2*q**3 + 38*q**2 + 36*q**2 + 1 + 2*q. What is s(h)?
-15
Let x be 17/(-85) + 21/5. Let p(j) = x - 10*j**2 + 9*j - j**2 + 4*j**2 - j**3 + 2*j**2. Determine p(-6).
-14
Suppose -2*x = s, 3*s - 4*x + 25 = -5*x. Let t(p) = -7*p - 39. Give t(s).
31
Let r(y) be the second derivative of -y**5/20 - 5*y**4/6 - y**3/3 - 6*y**2 + 3*y - 5. Give r(-10).
8
Let x(n) = -n**2 + 4*n + 162. Let c(b) = -b**2 - b - 40. Let l(k) = -4*c(k) - x(k). What is l(1)?
3
Let n = 9 - 3. Let i(r) = 52*r**2 - 4*r - 2. Let d(o) = 19*o**2 - 2*o - 1. Let z(y) = 11*d(y) - 4*i(y). Calculate z(n).
-3
Suppose 26*b = 29*b - m - 34, -2*m + 4 = 0. Suppose -a - 1 = 3*t, -3*a + 4 = 4*t + b. Let z(r) = -r**3 - r + 1. Determine z(t).
-1
Suppose 48 = 5*y - 2*f, 0 = -8*y + 9*y + 4*f + 8. Let x(t) = 17*t + 1 - y*t - 10*t. Give x(3).
-2
Let m(o) = 27*o**2 + 2*o - 42. Let p(x) = x**2 - 4. Let i(d) = m(d) - 8*p(d). Calculate i(2).
70
Let v = 239 + -234. Let z(l) = -1 + 2 + 0 + 3*l + 2*l. Let k(h) = -6*h - 1. Let p(t) = v*z(t) + 4*k(t). What is p(-7)?
-6
Let s(b) = 2*b + 2. Let u be s(-2). Let n(v) = 15*v - 8. Let p(t) = 7*t - 3. Let x(h) = 28*h - 82. Let g be x(3). Let i(j) = g*n(j) - 5*p(j). What is i(u)?
9
Let b(h) = 30*h - 15. Let f = 5071 - 5068. Calculate b(f).
75
Let t(w) = 116 - 3953*w**2 + 3955*w**2 - 42 - w + 3*w. Give t(0).
74
Suppose 179*y + 226*y = 445*y + 1600. Let t(n) = 5*n**2 + 201*n + 49. What is t(y)?
9
Suppose 1 - 9 = 4*g. Let u be 7*(g/(-7) + 0). Let t(v) = u + v**2 + 4*v**3 + v**2 - 3*v**3. Calculate t(-2).
2
Let o(v) = 12*v + 103. Let l(h) = 38*h + 305. Let z(f) = 3*l(f) - 8*o(f). Determine z(-5).
1
Let g(b) = -b**2 + 1. Let r(l) = -l**2 - 13*l + 70. Let s be r(4). Let d be s/3 - 13/(-39). What is g(d)?
0
Let c(s) be the third derivative of -s**6/720 - s**5/20 + 29*s**4/12 - 2*s**2 - 2. Let v(z) be the second derivative of c(z). Give v(-3).
-3
Let q be ((-2)/4)/(1/(-6)). Suppose -q = -j - 8. Let r(l) be the third derivative of -l**4/24 - 7*l**3/6 + 90*l**2 - 5*l + 1. Give r(j).
-2
Let r = 4033 + -4042. Let l(n) = 4*n + 14. Determine l(r).
-22
Let z(v) = -8*v + 36. Let c(b) = b**3 + 18*b - 131. Let u be c(4). Give z(u).
-4
Let a(j) = 421*j - 419. Let q be a(1). Let d(m) be the second derivative of 17*m - 5/12*m**4 + 1/6*m**3 + 1/20*m**5 + 2*m**q + 0. What is d(3)?
-11
Let y(f) = -f**2 + 40. Let r = -27951 - -27941. Determine y(r).
-60
Suppose -45*s - 1 = -44*s + 4*v, -5*v = 0. Let b(g) = -g**3 - 4*g**2 - 5*g - 4. Give b(s).
-2
Let m(v) = -2*v - 2. Let s = 50 + -38. Suppose -6*x + s = -2*x. Let a be (-3)/(x - (-15)/(-4)). Give m(a).
-10
Suppose 4*y = -2*p - 8, 23*y + 23 = 22*y + 3*p. Let q(h) = -5*h - 2*h**2 - 3*h**2 - 6 - 2*h**3 + h**3. Give q(y).
19
Let y(a) = 14*a - 29. Let w(m) = 29*m - 68. Let v(t) = 4*w(t) - 7*y(t). Give v(5).
21
Let q(i) = i**2 + 8*i + 3. Suppose 1555 + 233 = 4*z. Let d = z - 455. What is q(d)?
3
Let i(b) = 1379 - 5*b - b**2 - 716 + b - 658. Give i(-6).
-7
Let h(p) = p + 6. Suppose -z - o - 1 = 0, 0 = -2*z - 3*z - o - 9. Let b be ((-4)/(-14))/(z/14). Calculate h(b).
4
Let v(z) = -2*z**2 + 19*z + 19. Let i be v(11). Let q(g) = g + 1. Calculate q(i).
-13
Let x(m) = m**2 - 3*m - 70. Suppose -70*y = -47*y. Calculate x(y).
-70
Let x(f) = f**3 - 82 + 67 + f + 3*f**2 - f + 0*f**2 - 8*f. Determine x(-4).
1
Let c(o) = -161*o + 2735. Let s be c(17). Let y(b) = 8*b + 22. Give y(s).
6
Suppose -4*n - 7 = -4*r + 9, -5*r - 2*n + 13 = 0. Let i(j) = -2 - 57*j + 3*j**r + 1 + 112*j - 53*j - 2*j**2. Let z = -2 + 3. Determine i(z).
2
Let m be (15/45)/((-2)/(-24)). Let c be 26 + -3 + 12/m. Suppose 3*h - 